3. Let a be (-2)/q - (-35)/10. List the prime factors of j(a).
2, 3
Let s(b) = -b**2 - 7*b - 1. Let n be s(-6). What are the prime factors of 52/n + 4/(-10)?
2, 5
Suppose 0 = -5*t + 576 + 304. Suppose 5*q - 49 = t. What are the prime factors of q?
3, 5
Let n = -29 + 44. List the prime factors of n.
3, 5
Let b be (-9 - -3)/(2/(-48)). Suppose 24 = o + 3*q, -5*o - 2*q + b = q. List the prime factors of o.
2, 3, 5
Suppose 0 = -2*j - 4*a + 26, -2*j - j + 42 = 3*a. Suppose s - 2*n - j = 0, 0*s + 3*n + 45 = 4*s. Suppose -2*x = -1 - s. What are the prime factors of x?
5
List the prime factors of (22/11)/(4/38).
19
Let k(g) = g**3 - 7*g**2 + 4*g + 7. Let b be k(6). Let n(d) = 3 - 6*d + 1 + 3*d. List the prime factors of n(b).
19
Let x(k) = -4*k. Let o(q) = -4*q + 1. Let f(a) = -3*o(a) + 4*x(a). Suppose 0 = 2*d - w + 5, -2*d + w - 5*w = 0. What are the prime factors of f(d)?
5
Let h(r) = r**2 + 2*r - 2. Let u(n) = -3*n + 2. Let f(a) = 5*h(a) + 4*u(a). What are the prime factors of f(-2)?
2, 11
Let b(p) = p**2 + 5*p + 2. What are the prime factors of b(-9)?
2, 19
Suppose -222 = -5*z - 132. What are the prime factors of z?
2, 3
Let n = 1 + 1. Suppose -4 = -n*k - 5*c - 5, -2*k = -c + 7. Let q = k + 15. List the prime factors of q.
2, 3
Let w(r) = -r**2 - 7*r - 2. Let h be 2/9 - (-116)/(-36). List the prime factors of w(h).
2, 5
Let f(m) = m**3 - 8*m**2 + 6*m - 11. List the prime factors of f(8).
37
Let u(j) = -j**3 + 8*j**2 - 3*j - 1. Let m be u(7). Let l = -14 + m. List the prime factors of l.
13
Suppose 5*r = -4*x + 163, -3*x + x + 4*r + 88 = 0. List the prime factors of x.
2, 3, 7
What are the prime factors of 1463/33 + 4/6?
3, 5
Let h = -12 - -27. List the prime factors of h.
3, 5
Suppose 3*w - 1 - 71 = 0. List the prime factors of -1 + 2 + -3 + w.
2, 11
Let x = 18 + -9. What are the prime factors of 10*(3 - x/6)?
3, 5
Let v(g) = -g - 2. Let d be v(-4). Suppose -z - 24 = d*z. List the prime factors of z/20 + (-104)/(-10).
2, 5
List the prime factors of (-2)/(-4) + (-10887)/(-38).
7, 41
Suppose -3 + 1 = 4*g + 3*p, -4*g = -2*p - 8. List the prime factors of (-31)/((g - 2) + 0).
31
Let l(a) = a**2 - 2*a. Let p be l(3). Suppose 0*o - p*r = o - 13, 5*r = 0. List the prime factors of o.
13
What are the prime factors of 24/(-1)*(-1 - 6)?
2, 3, 7
Let z(g) be the second derivative of 2*g**3/3 + g**2/2 + 4*g. Let m be z(1). Suppose -5*s + 30 = m*a, 0 = 4*s + 3*a - 1 - 28. What are the prime factors of s?
11
Let x be 2/((-3)/(-303)*2). Suppose 5*l - 44 = x. What are the prime factors of l?
29
Suppose -3*y + 5*g = -397, 0 = 2*y - 5*g - 125 - 143. What are the prime factors of y?
3, 43
Let u(x) = x**2 - 13*x - 38. What are the prime factors of u(23)?
2, 3
Suppose r + 6 = 19. What are the prime factors of r?
13
Let f be 0/(-2)*(-3)/6. Suppose 3*g - 2*m - 15 = f, -3*g + m - 17 = -5*g. Suppose 38 = 3*w - 2*n - 7, -w - 2*n + g = 0. What are the prime factors of w?
13
Suppose -10*y + 665 + 1265 = 0. What are the prime factors of y?
193
Suppose -765 = -5*l - 5*q, -4*q = 5*l - 0*q - 763. List the prime factors of l.
151
Let s = -147 + 229. What are the prime factors of s?
2, 41
Let y(m) be the second derivative of m + 0 - 1/20*m**5 + 0*m**3 - 1/4*m**4 + m**2. What are the prime factors of y(-3)?
2
Let n(x) = x + 6*x - 6*x + 3 + 7. What are the prime factors of n(-5)?
5
Let l(v) = 2*v**2 + 4*v + 3. Let c be l(-2). Suppose f - 64 = -c*f. List the prime factors of f.
2
Let r(y) = 2*y. Let o be r(2). Suppose -2*i - 16 = -2*n, n = o*n - 12. Let d = i + 6. List the prime factors of d.
2
Let s = -3 - 3. Let z be (11 - 1)*2*(-6)/12. Let j = s - z. What are the prime factors of j?
2
Let m = -4 + 6. Suppose -m*y + 2 = -10. What are the prime factors of y?
2, 3
Let b(n) = n**2 - 2*n - 2. Let t be b(4). Let l(d) = 1 + 2*d - d**3 + 2*d**2 + 6*d**2 - 4 - 2*d**2. List the prime factors of l(t).
3
Suppose 2*p + 71 = 7*p + 2*i, 4*i - 25 = -p. List the prime factors of p.
13
Let o(y) = y**2 + 9*y + 4. Let d be o(-9). Let g = d - 2. List the prime factors of g.
2
Suppose -2196 = -21*p + 5700. What are the prime factors of p?
2, 47
Let w(b) = -2*b**3 - 7*b**2 - 12*b - 3. Let u(n) = -n**3 - 8*n**2 - 11*n - 4. Let c(y) = 3*u(y) - 2*w(y). What are the prime factors of c(11)?
2
Suppose 627 = 5*n + 207. What are the prime factors of n?
2, 3, 7
List the prime factors of 36/(-84) + -1270*2/(-14).
181
Suppose -5*n + 42 = -2*n. List the prime factors of n.
2, 7
Let f(h) = -3*h + 4. Let v(s) = -1. Let o(i) = -f(i) - 5*v(i). Let p be o(-1). What are the prime factors of ((-1)/2)/(p/16)?
2
Let f be (-10 - (-4)/2)/(-2). Suppose 8*y - 8 = f*y. What are the prime factors of y/(-4) - (-14)/4?
3
Suppose 3*b - 7 = 2. Suppose b*r = -0*r + 63. List the prime factors of r.
3, 7
Suppose -2*y = -3*y + 3. What are the prime factors of 13 + -2 + y + -2?
2, 3
Let f(c) = 7*c**2 - 17*c - 4. List the prime factors of f(4).
2, 5
Let n(y) = y**3 + 10*y**2 - 2*y + 11. Let p be n(-9). What are the prime factors of (1 - 3)*p/(-20)?
11
Suppose 0*g = -3*i + 3*g - 9, 2*i = -4*g + 6. Let b(s) = s**3 - s + 1. Let f be b(2). Let x = f - i. List the prime factors of x.
2
Suppose 0 = -3*w + 146 + 13. Let x = w + -32. List the prime factors of x.
3, 7
Let r(i) = i**3 - 10*i**2 + 14*i - 9. Let f be r(9). Let q = -26 + f. What are the prime factors of q?
2, 5
Let m(j) = j**3 + 4*j**2 - 6*j - 3. Suppose 3*u - 7 = -19. List the prime factors of m(u).
3, 7
Let c(n) = n**3 - 5*n**2 + 11*n. What are the prime factors of c(6)?
2, 3, 17
Let n be -3 + (0 - -3) + 8. Let w = n + 29. List the prime factors of w.
37
Suppose -20 = 5*s, -2*d + 2*s + 0*s + 46 = 0. What are the prime factors of d?
19
Let c(a) = a**3 - a**2 - 2*a - 1. Let r be c(-1). Let s be (7/(-3))/(r/15). Suppose 5*o - s = 4*p, -o + 14 = 2*p - 7. List the prime factors of o.
11
List the prime factors of 37 - (7 + -3)/2.
5, 7
Let x(k) = -k**3 - 7*k**2 - 2*k - 4. Let q be x(-7). Suppose -q*z + 11*z = 42. List the prime factors of z.
2, 3, 7
Let r(h) be the second derivative of h**4/12 - h**3 + 2*h**2 - 2*h. What are the prime factors of r(6)?
2
Let s(x) = 112*x**3 + 4*x**2 - x. List the prime factors of s(1).
5, 23
Let c = 10 + -6. Let y = 3 + c. What are the prime factors of y?
7
Suppose -8*z + 126 = -z. List the prime factors of z.
2, 3
Let b(h) = 2*h**2 - 14*h - 18. List the prime factors of b(9).
2, 3
Let p be (14/1)/(4 - 3). Let h = p - 0. What are the prime factors of h?
2, 7
Let c(y) = y**3 + 7*y**2 + y - 4. Let o be c(-7). Suppose 0 = -j - 9*b + 4*b + 6, 18 = -4*j + b. Let n = j - o. List the prime factors of n.
7
Suppose -2*c + 60 = 20. What are the prime factors of c?
2, 5
Let k(w) = 4*w + 3. Let j = 5 + -2. Let t be k(j). Let p = t - -3. What are the prime factors of p?
2, 3
Let h(c) = -2*c + 59. List the prime factors of h(0).
59
Suppose 350 = -m - 4*m. What are the prime factors of (-672)/m*(-10)/(-3)?
2
Let y(n) = -n**2 + 6*n + 1. Let c be y(5). Let p = 4 - c. What are the prime factors of 42/4 - 3/p?
2, 3
Let f = -1 - -3. Suppose 0*x = -x + f. Suppose 0 = 2*q + x*q - 16. What are the prime factors of q?
2
Let r = 5 + -3. Let x(i) = 2*i**2 + 1. Let t be x(r). Suppose -q = -4*q + t. List the prime factors of q.
3
Let f(b) = 5*b + 4*b**2 - 6*b - 2*b + 2. What are the prime factors of f(2)?
2, 3
Suppose -3*i + 25 = -218. What are the prime factors of i?
3
Suppose 4*t - 1 = 7. Let m(i) = -5 + 0*i - 9 + 6*i - t*i. What are the prime factors of m(6)?
2, 5
Let j(n) = -n**3 + n**2 + 1. Suppose 3*s - 3*r - 6 = 0, -3*s = s + r + 17. Let m be j(s). Suppose -4*f + m = 5. What are the prime factors of f?
2
Let r(f) = -f + 7. Let g be r(7). Let a(b) = b**2 - b + 22. Let w be a(g). Suppose w = 2*n + q + 2*q, -5*q = -2*n + 38. What are the prime factors of n?
2, 7
Suppose 0 = -4*s + v + 80, 5*s + 4*v - 72 = 28. List the prime factors of s.
2, 5
Let g = -5 - -9. List the prime factors of (2/g)/(2/36).
3
Let l(n) = 10*n**3 - n**2 + n. Let c = -2 - -3. What are the prime factors of l(c)?
2, 5
Let k be 2/(-7) + 74/14. Suppose k = -w + 17. List the prime factors of w.
2, 3
Let w be 6/(-10) - 6/(-10). Suppose w*d - 16 = -5*m - 4*d, -d + 11 = 3*m. What are the prime factors of m?
2
Let y(t) = 14*t + 2. Let r be y(4). Let g(j) = j**3 - 10*j**2 + 9*j + 6. Let w be g(9). Suppose r = 4*c - w